{"id":106,"date":"2016-01-07T00:28:53","date_gmt":"2016-01-07T00:28:53","guid":{"rendered":"http:\/\/ivsa.es\/ulia\/?page_id=106"},"modified":"2016-01-07T00:28:53","modified_gmt":"2016-01-07T00:28:53","slug":"nuestro-mottocore","status":"publish","type":"page","link":"https:\/\/ivsa.es\/ulia\/nuestro-mottocore\/","title":{"rendered":"Nuestro Motto(Core)"},"content":{"rendered":"<p style=\"text-align: justify;\">En las memorias y biograf\u00edas de un santo y docto obispo de Valencia (Santo Tom\u00e1s de Villanueva +1555) se ensalza a quien supo armonizar \u00abuna vida ilumninada por la ciencia y una ciencia enriquecida por la vida\u00bb. Siempre hemos pensado que eso es lo que tratamos de hacer en ULIA desde los comienzos.<\/p>\n<p style=\"text-align: justify;\">Se trata de una aspiraci\u00f3n humanista compartida por los m\u00e1s se\u00f1eros pensadores del siglo XVI (los tambi\u00e9n valencianos Juan Luis Vives y\u00a0Juan de Ribera, y muchos m\u00e1s como Tom\u00e1s Moro, Erasmo, Nebrija, Fisher, etc. ), y presente tambi\u00e9n en el esp\u00edritu que dio auge y consolid\u00f3 a las grandes universidades: Salamanca, Oxford, o Bolonia, entre otras. Anclar toda reflexi\u00f3n de altura en la vida humana asegura no salirse de la realidad y es el mejor ant\u00eddoto frente a la sinraz\u00f3n.<\/p>\n<p style=\"text-align: justify;\">Nuestro lema y motto es:<\/p>\n<h2 style=\"padding-left: 30px; text-align: justify;\">Servi vitae cum scientia<\/h2>\n<p style=\"text-align: justify;\">Sirve a la vida con (la) ciencia. Se trata de llamar la atenci\u00f3n tambi\u00e9n sobre la peor contradicci\u00f3n posible: la confusi\u00f3n de los contrarios. Qu\u00e9 obtuso ser\u00eda utilizar la ciencia para destruir la vida, llamando as\u00ed raz\u00f3n a la sinraz\u00f3n y progreso a la decadencia. Cuando la ciencia se separa de la vida deja de ser ciencia, m\u00e1s a\u00fan si va contra ella. Nuestro deseo y aspiraci\u00f3n es, pues, hermanar como fundamento de nuestro quehacer la apuesta que toda universidad hace por la raz\u00f3n y la excelencia, con la defensa de la vida humana, su dignidad y valor.<\/p>\n","protected":false},"excerpt":{"rendered":"<p>En las memorias y biograf\u00edas de un santo y docto obispo de Valencia (Santo Tom\u00e1s de Villanueva +1555) se ensalza a quien supo armonizar \u00abuna vida ilumninada por la ciencia y una ciencia enriquecida por la vida\u00bb. Siempre hemos pensado que eso es lo que tratamos de hacer en ULIA desde los comienzos. Se trata  [&#8230;]<\/p>\n","protected":false},"author":1,"featured_media":0,"parent":0,"menu_order":0,"comment_status":"closed","ping_status":"closed","template":"","meta":{"footnotes":""},"class_list":["post-106","page","type-page","status-publish","hentry"],"_links":{"self":[{"href":"https:\/\/ivsa.es\/ulia\/wp-json\/wp\/v2\/pages\/106","targetHints":{"allow":["GET"]}}],"collection":[{"href":"https:\/\/ivsa.es\/ulia\/wp-json\/wp\/v2\/pages"}],"about":[{"href":"https:\/\/ivsa.es\/ulia\/wp-json\/wp\/v2\/types\/page"}],"author":[{"embeddable":true,"href":"https:\/\/ivsa.es\/ulia\/wp-json\/wp\/v2\/users\/1"}],"replies":[{"embeddable":true,"href":"https:\/\/ivsa.es\/ulia\/wp-json\/wp\/v2\/comments?post=106"}],"version-history":[{"count":1,"href":"https:\/\/ivsa.es\/ulia\/wp-json\/wp\/v2\/pages\/106\/revisions"}],"predecessor-version":[{"id":107,"href":"https:\/\/ivsa.es\/ulia\/wp-json\/wp\/v2\/pages\/106\/revisions\/107"}],"wp:attachment":[{"href":"https:\/\/ivsa.es\/ulia\/wp-json\/wp\/v2\/media?parent=106"}],"curies":[{"name":"wp","href":"https:\/\/api.w.org\/{rel}","templated":true}]}}