{"id":1304,"date":"2017-05-31T14:25:51","date_gmt":"2017-05-31T14:25:51","guid":{"rendered":"http:\/\/ivsa.es\/ulia\/?page_id=1304"},"modified":"2024-04-16T09:41:03","modified_gmt":"2024-04-16T09:41:03","slug":"curso-de-experto-en-guion-audiovisual","status":"publish","type":"page","link":"https:\/\/ivsa.es\/ulia\/curso-de-experto-en-guion-audiovisual\/","title":{"rendered":"Curso de Experto en Guion Audiovisual"},"content":{"rendered":"<p><div class=\"fusion-fullwidth fullwidth-box fusion-builder-row-1 hundred-percent-fullwidth non-hundred-percent-height-scrolling\" style=\"--awb-border-radius-top-left:0px;--awb-border-radius-top-right:0px;--awb-border-radius-bottom-right:0px;--awb-border-radius-bottom-left:0px;--awb-overflow:visible;--awb-flex-wrap:wrap;\" ><div class=\"fusion-builder-row fusion-row\"><div class=\"fusion-layout-column fusion_builder_column fusion-builder-column-0 fusion_builder_column_1_1 1_1 fusion-one-full fusion-column-first fusion-column-last fusion-column-no-min-height\" style=\"--awb-bg-size:cover;--awb-margin-bottom:0px;\"><div class=\"fusion-column-wrapper fusion-flex-column-wrapper-legacy\"><div class=\"fusion-text fusion-text-1\"><p style=\"text-align: justify;\">\n<\/div><div class=\"fusion-clearfix\"><\/div><\/div><\/div><\/div><\/div><div class=\"fusion-fullwidth fullwidth-box fusion-builder-row-2 nonhundred-percent-fullwidth non-hundred-percent-height-scrolling\" style=\"--awb-background-position:left top;--awb-border-radius-top-left:0px;--awb-border-radius-top-right:0px;--awb-border-radius-bottom-right:0px;--awb-border-radius-bottom-left:0px;--awb-padding-top:20px;--awb-padding-bottom:20px;--awb-border-sizes-top:0px;--awb-border-sizes-bottom:0px;--awb-flex-wrap:wrap;\" ><div class=\"fusion-builder-row fusion-row\"><div class=\"fusion-layout-column fusion_builder_column fusion-builder-column-1 fusion_builder_column_1_1 1_1 fusion-one-full fusion-column-first fusion-column-last fusion-column-no-min-height\" style=\"--awb-bg-size:cover;--awb-margin-bottom:0px;\"><div class=\"fusion-column-wrapper fusion-flex-column-wrapper-legacy\"><div class=\"fusion-tabs fusion-tabs-1 classic vertical-tabs icon-position-left mobile-mode-accordion\" style=\"--awb-title-border-radius-top-left:0px;--awb-title-border-radius-top-right:0px;--awb-title-border-radius-bottom-right:0px;--awb-title-border-radius-bottom-left:0px;--awb-inactive-color:#f1f2f2;--awb-background-color:#ffffff;--awb-border-color:#ebeaea;--awb-active-border-color:#006634;\"><div class=\"nav\"><ul class=\"nav-tabs\" role=\"tablist\"><li class=\"active\" role=\"presentation\"><a class=\"tab-link\" data-toggle=\"tab\" role=\"tab\" aria-controls=\"tab-22fce36aed66128e926\" aria-selected=\"true\" id=\"fusion-tab-caracter\u00edsticas\" href=\"#tab-22fce36aed66128e926\"><h4 class=\"fusion-tab-heading\"><i class=\"fontawesome-icon fa fa-list-ul\" aria-hidden=\"true\" style=\"font-size:13px;\"><\/i>Caracter\u00edsticas<\/h4><\/a><\/li><li role=\"presentation\"><a class=\"tab-link\" data-toggle=\"tab\" role=\"tab\" aria-controls=\"tab-749fe5d4b7a406ddc15\" aria-selected=\"false\" tabindex=\"-1\" id=\"fusion-tab-contenidos\" href=\"#tab-749fe5d4b7a406ddc15\"><h4 class=\"fusion-tab-heading\"><i class=\"fontawesome-icon fa fa-list-alt\" aria-hidden=\"true\" style=\"font-size:13px;\"><\/i>Contenidos<\/h4><\/a><\/li><li role=\"presentation\"><a class=\"tab-link\" data-toggle=\"tab\" role=\"tab\" aria-controls=\"tab-668f272cd0b10bb7ad1\" aria-selected=\"false\" tabindex=\"-1\" id=\"fusion-tab-metodolog\u00eda\" href=\"#tab-668f272cd0b10bb7ad1\"><h4 class=\"fusion-tab-heading\"><i class=\"fontawesome-icon fa fa-comment\" aria-hidden=\"true\" style=\"font-size:13px;\"><\/i>Metodolog\u00eda<\/h4><\/a><\/li><li role=\"presentation\"><a class=\"tab-link\" data-toggle=\"tab\" role=\"tab\" aria-controls=\"tab-945791457e3479736f5\" aria-selected=\"false\" tabindex=\"-1\" id=\"fusion-tab-inscripci\u00f3n\" href=\"#tab-945791457e3479736f5\"><h4 class=\"fusion-tab-heading\"><i class=\"fontawesome-icon fa fa-user\" aria-hidden=\"true\" style=\"font-size:13px;\"><\/i>Inscripci\u00f3n<\/h4><\/a><\/li><\/ul><\/div><div class=\"tab-content\"><div class=\"nav fusion-mobile-tab-nav\"><ul class=\"nav-tabs\" role=\"tablist\"><li class=\"active\" role=\"presentation\"><a class=\"tab-link\" data-toggle=\"tab\" role=\"tab\" aria-controls=\"tab-22fce36aed66128e926\" aria-selected=\"true\" id=\"mobile-fusion-tab-caracter\u00edsticas\" href=\"#tab-22fce36aed66128e926\"><h4 class=\"fusion-tab-heading\"><i class=\"fontawesome-icon fa fa-list-ul\" aria-hidden=\"true\" style=\"font-size:13px;\"><\/i>Caracter\u00edsticas<\/h4><\/a><\/li><\/ul><\/div><div class=\"tab-pane fade fusion-clearfix in active\" role=\"tabpanel\" tabindex=\"0\" aria-labelledby=\"fusion-tab-caracter\u00edsticas\" id=\"tab-22fce36aed66128e926\">\n<div style=\"text-align: justify;\" align=\"justify\">\n<p>CURSO DE FORMACI\u00d3N ON LINE. El curso de Experto en Guion Audiovisual, EGA, est\u00e1 coordinado por la profesora Mar\u00eda Huguet, de Baluard Estudios.<\/p>\n<h3><span style=\"color: #006633;\"><strong>Descripci\u00f3n General:<\/strong><\/span><\/h3>\n<\/div>\n<div style=\"text-align: justify;\" align=\"justify\">En este curso descubrir\u00e1s la t\u00e9cnica de desarrollo creativo de un guion audiovisual. Partiremos del proceso general de creaci\u00f3n audiovisual para centrarnos posteriormente \u00a0en la escritura del guion. \u00a0Aprender\u00e1s a desarrollar el \u00abstorytelling\u00bb y las\u00a0herramientas necesarias para escribir historias atractivas para el p\u00fablico de los distintos formatos y g\u00e9neros audiovisuales. Pretendemos incentivar y animar a todas las personas que quieran disponer de los conocimientos id\u00f3neos para hacerse visible en el mundo\u00a0de la comunicaci\u00f3n\u00a0a trav\u00e9s de promociones, cortos educativos, historias de ficci\u00f3n, etc., a lanzarse al mundo de la creaci\u00f3n audiovisual.<\/div>\n<h3 align=\"justify\"><span style=\"color: #006633;\"><strong>Duraci\u00f3n:<\/strong><\/span><\/h3>\n<p align=\"justify\">Un semestre: Desde el 1 Enero al 30 de Junio.<\/p>\n<div style=\"text-align: left;\" align=\"justify\">\n<p>Carga lectiva equivalente a 10 cr\u00e9ditos ECTS (250 horas de dedicaci\u00f3n).<\/p>\n<p>Matr\u00edcula abierta hasta completar cupo y en todo caso antes del 8 de diciembre del a\u00f1o en curso.<\/p>\n<h3><strong><span style=\"color: #006633;\">Dirigido a:<\/span><\/strong><\/h3>\n<\/div>\n<p style=\"text-align: justify;\" align=\"justify\">Todos aquellos que desean aprender los conocimientos, herramientas y recursos necesarios para escribir un gui\u00f3n audiovisual y conocer m\u00e1s en profundidad el proceso creativo de una pieza audiovisual. No se necesitan conocimientos previos pero s\u00ed una predisposici\u00f3n de habilidades y\u00a0gustos\u00a0hacia la escritura en lenguaje filmado, la propuesta art\u00edstica, o la creaci\u00f3n y narraci\u00f3n de historias con mensaje.<\/p>\n<h3 align=\"justify\"><span style=\"color: #006633;\"><strong>Objetivos:<\/strong><\/span><\/h3>\n<p>Desarrollar los conocimientos necesarios en narrativa audiovisual para escribir un guion en distintos formatos.<\/p>\n<p><span style=\"font-family: Arial;\">La direcci\u00f3n de correo \u00fanica del curso es: <a href=\"mailto:ega@ulia.org\"><span style=\"color: #006633;\">ega@ulia.org \u00a0<\/span><\/a><\/span><\/p>\n<p style=\"text-align: justify;\" align=\"JUSTIFY\"><\/div><div class=\"nav fusion-mobile-tab-nav\"><ul class=\"nav-tabs\" role=\"tablist\"><li role=\"presentation\"><a class=\"tab-link\" data-toggle=\"tab\" role=\"tab\" aria-controls=\"tab-749fe5d4b7a406ddc15\" aria-selected=\"false\" tabindex=\"-1\" id=\"mobile-fusion-tab-contenidos\" href=\"#tab-749fe5d4b7a406ddc15\"><h4 class=\"fusion-tab-heading\"><i class=\"fontawesome-icon fa fa-list-alt\" aria-hidden=\"true\" style=\"font-size:13px;\"><\/i>Contenidos<\/h4><\/a><\/li><\/ul><\/div><div class=\"tab-pane fade fusion-clearfix\" role=\"tabpanel\" tabindex=\"0\" aria-labelledby=\"fusion-tab-contenidos\" id=\"tab-749fe5d4b7a406ddc15\">\n<p><span style=\"color: #006633;\"><strong>6 temas a cubrir entre los que figuran:<\/strong><\/span><\/p>\n<ul>\n<li>Introducci\u00f3n al lenguaje audiovisual. La construcci\u00f3n del relato audiovisual. El \u201cstorytelling\u201d. \u00c9tica y Responsabilidad social del medio audiovisual.<\/li>\n<li>Elementos b\u00e1sicos de construcci\u00f3n audiovisual: el plano, tipos de planos, movimientos de c\u00e1mara, el tiempo y el espacio en el audiovisual.<\/li>\n<li>Las fases \u00a0y equipos de trabajo de creaci\u00f3n del audiovisual: preproducci\u00f3n, realizaci\u00f3n, postproducci\u00f3n, distribuci\u00f3n\u2026<\/li>\n<li>La construcci\u00f3n del gui\u00f3n: la idea, el tratamiento, creaci\u00f3n de la trama, estructura y fases. G\u00e9neros \u00a0y tipos de guiones seg\u00fan el formato.<\/li>\n<li>Construcci\u00f3n de personajes: Cuestiones psicol\u00f3gicas, antropol\u00f3gicas y sociales. Estrategias dram\u00e1ticas.<\/li>\n<li>Consumo actual del audiovisual: soportes transmedia y consumo.<\/li>\n<\/ul>\n<p style=\"text-align: justify;\"><\/div><div class=\"nav fusion-mobile-tab-nav\"><ul class=\"nav-tabs\" role=\"tablist\"><li role=\"presentation\"><a class=\"tab-link\" data-toggle=\"tab\" role=\"tab\" aria-controls=\"tab-668f272cd0b10bb7ad1\" aria-selected=\"false\" tabindex=\"-1\" id=\"mobile-fusion-tab-metodolog\u00eda\" href=\"#tab-668f272cd0b10bb7ad1\"><h4 class=\"fusion-tab-heading\"><i class=\"fontawesome-icon fa fa-comment\" aria-hidden=\"true\" style=\"font-size:13px;\"><\/i>Metodolog\u00eda<\/h4><\/a><\/li><\/ul><\/div><div class=\"tab-pane fade fusion-clearfix\" role=\"tabpanel\" tabindex=\"0\" aria-labelledby=\"fusion-tab-metodolog\u00eda\" id=\"tab-668f272cd0b10bb7ad1\">\n<p>Las actividades del curso comprenden la lectura de art\u00edculos y documentos que se enviar\u00e1n a trav\u00e9s de internet as\u00ed como el an\u00e1lisis cr\u00edtico de los textos suministrados. Cada unidad tem\u00e1tica se desarrolla a t\u00edtulo orientativo para el alumno en un mes, y se har\u00e1 llegar toda la bibliograf\u00eda correspondiente a cada unidad tem\u00e1tica en un solo env\u00edo el d\u00eda 1 del mes. Los textos enviados deben ser considerados el m\u00ednimo suficiente que se pretende que el alumno incorpore para su capacitaci\u00f3n.<\/p>\n<p>El alumnado dispondr\u00e1 de la ayuda del equipo docente para solventar dudas o problemas, consultar los temas de los trabajos requeridos o recabar bibliograf\u00eda adicional si se estima conveniente.<\/p>\n<p>Cada env\u00edo, adem\u00e1s de los textos y v\u00eddeos propios del tema, incorporar\u00e1 un control de lectura o visionado que son los deberes que el alumno debe de remitir a la direcci\u00f3n del curso antes del envi\u00f3 de la siguiente unidad. La direcci\u00f3n del programa estar\u00e1 enviando regularmente al alumnado un reporte sobre su marcha en el curso as\u00ed como los consejos y requerimientos que se vean necesarios para el mejor aprovechamiento.<\/p>\n<p>Para la obtenci\u00f3n del t\u00edtulo de experto adem\u00e1s del control semanal se exige al alumnado la elaboraci\u00f3n de un video de dos a cinco\u00a0minutos con una comunicaci\u00f3n propia acerca de un tema relativo al curso.<\/p>\n<p style=\"text-align: justify;\"><\/div><div class=\"nav fusion-mobile-tab-nav\"><ul class=\"nav-tabs\" role=\"tablist\"><li role=\"presentation\"><a class=\"tab-link\" data-toggle=\"tab\" role=\"tab\" aria-controls=\"tab-945791457e3479736f5\" aria-selected=\"false\" tabindex=\"-1\" id=\"mobile-fusion-tab-inscripci\u00f3n\" href=\"#tab-945791457e3479736f5\"><h4 class=\"fusion-tab-heading\"><i class=\"fontawesome-icon fa fa-user\" aria-hidden=\"true\" style=\"font-size:13px;\"><\/i>Inscripci\u00f3n<\/h4><\/a><\/li><\/ul><\/div><div class=\"tab-pane fade fusion-clearfix\" role=\"tabpanel\" tabindex=\"0\" aria-labelledby=\"fusion-tab-inscripci\u00f3n\" id=\"tab-945791457e3479736f5\">\n<p style=\"text-align: justify;\">La matr\u00edcula se efect\u00faa rellenando el siguiente formulario:<\/p>\n<p style=\"text-align: justify;\"><strong><span style=\"color: #006633;\"><a style=\"color: #006633;\" href=\"http:\/\/ivsa.es\/ulia\/ficha-de-inscripcion-curso-de-experto-en-guion-audiovisual\/\" target=\"_blank\" rel=\"noopener noreferrer\">1.- La ficha de inscripci\u00f3n<\/a><\/span><\/strong><br \/>\nSe abre el plazo el 1 de Junio de 2019.\u00a0 El cupo de alumnos es de 50. Se har\u00e1 una selecci\u00f3n rigurosa por parte de la coordinaci\u00f3n para garantizar la idoneidad de los seleccionados en base a los criterios de ubicaci\u00f3n geogr\u00e1fica, representatividad, imagen, disponibilidad, compromiso, y capacitaci\u00f3n. Tendr\u00e1n cierta preferencia los alumni de ULIA.<\/p>\n<p>Una vez enviada la solicitud (rellenado el formulario), y si esta ha pasado la primera selecci\u00f3n, puede que solicitemos con alguno de los\u00a0aplicantes una comunicaci\u00f3n v\u00eda Skype.<\/p>\n<p>El curso se oferta gratuitamente pero a los solicitantes aceptados se les\u00a0pide como donaci\u00f3n\u00a0abonar una cuota m\u00ednima de compromiso de 50 Euros \u00f3 55 d\u00f3lares americanos para cubrir los gastos de mantenimiento en red del curso.<\/p>\n<p>Una vez se le comunique al candidato que ha sido aceptado definitivamente, deber\u00e1 abonar por transferencia bancaria o directamente a trav\u00e9s de internet en la cuenta del curso el importe de la donaci\u00f3n seg\u00fan las indicaciones que enviemos al efecto. Este importe y en su caso el gasto (voluntario) del posible desplazamiento a una de las dos siguientes claustros de ULIA son los \u00fanicos gastos que ha de aportar el alumno.<\/p>\n<p style=\"text-align: justify;\"><\/div><\/div><\/div><div class=\"fusion-clearfix\"><\/div><\/div><\/div><\/div><\/div><div class=\"fusion-fullwidth fullwidth-box fusion-builder-row-3 hundred-percent-fullwidth non-hundred-percent-height-scrolling\" style=\"--awb-border-radius-top-left:0px;--awb-border-radius-top-right:0px;--awb-border-radius-bottom-right:0px;--awb-border-radius-bottom-left:0px;--awb-overflow:visible;--awb-flex-wrap:wrap;\" ><div class=\"fusion-builder-row fusion-row\"><div class=\"fusion-layout-column fusion_builder_column fusion-builder-column-2 fusion_builder_column_1_1 1_1 fusion-one-full fusion-column-first fusion-column-last fusion-column-no-min-height\" style=\"--awb-bg-size:cover;--awb-margin-bottom:0px;\"><div class=\"fusion-column-wrapper fusion-flex-column-wrapper-legacy\"><div class=\"fusion-text fusion-text-2\"><p style=\"text-align: justify;\">\n<\/div><div class=\"fusion-text fusion-text-3\"><\/div><div class=\"fusion-clearfix\"><\/div><\/div><\/div><\/div><\/div><\/p>\n","protected":false},"excerpt":{"rendered":"","protected":false},"author":4,"featured_media":0,"parent":0,"menu_order":0,"comment_status":"closed","ping_status":"closed","template":"","meta":{"footnotes":""},"class_list":["post-1304","page","type-page","status-publish","hentry"],"_links":{"self":[{"href":"https:\/\/ivsa.es\/ulia\/wp-json\/wp\/v2\/pages\/1304","targetHints":{"allow":["GET"]}}],"collection":[{"href":"https:\/\/ivsa.es\/ulia\/wp-json\/wp\/v2\/pages"}],"about":[{"href":"https:\/\/ivsa.es\/ulia\/wp-json\/wp\/v2\/types\/page"}],"author":[{"embeddable":true,"href":"https:\/\/ivsa.es\/ulia\/wp-json\/wp\/v2\/users\/4"}],"replies":[{"embeddable":true,"href":"https:\/\/ivsa.es\/ulia\/wp-json\/wp\/v2\/comments?post=1304"}],"version-history":[{"count":18,"href":"https:\/\/ivsa.es\/ulia\/wp-json\/wp\/v2\/pages\/1304\/revisions"}],"predecessor-version":[{"id":2680,"href":"https:\/\/ivsa.es\/ulia\/wp-json\/wp\/v2\/pages\/1304\/revisions\/2680"}],"wp:attachment":[{"href":"https:\/\/ivsa.es\/ulia\/wp-json\/wp\/v2\/media?parent=1304"}],"curies":[{"name":"wp","href":"https:\/\/api.w.org\/{rel}","templated":true}]}}