{"id":36,"date":"2015-12-30T15:13:17","date_gmt":"2015-12-30T15:13:17","guid":{"rendered":"http:\/\/ivsa.es\/ulia\/?page_id=36"},"modified":"2022-08-02T11:12:22","modified_gmt":"2022-08-02T11:12:22","slug":"donativo","status":"publish","type":"page","link":"https:\/\/ivsa.es\/ulia\/donativo\/","title":{"rendered":"LA CAUSA DE LA CULTURA DE LA VIDA"},"content":{"rendered":"<p style=\"text-align: justify;\">Para muchas personas no hay causa m\u00e1s noble que la que se centra en proteger el derecho m\u00e1s b\u00e1sico del cual nacen todos los dem\u00e1s derechos: el derecho a la vida.<\/p>\n<p>La Fundaci\u00f3n Interamericana Ciencia y Vida se dedica a difundir la cultura de la vida en todo el mundo propiciando, entre otras actividades, los congresos mundiales provida, los congresos Ciencia y Vida (<a href=\"http:\/\/ivsa.es\/ulia\/ficv\">http:\/\/ivsa.es\/ulia\/ficv<\/a>) y la Universidad Libre Internacional de las Am\u00e9ricas (ULIA: <a href=\"http:\/\/ivsa.es\/ulia\/\">https:\/\/ulia.org<\/a>), la primera universidad provida y gratuita del mundo. La FICV, entre otras causas relacionadas con la vida y la familia, tambi\u00e9n apoya el homeschooling (educaci\u00f3n en familia).<\/p>\n<p>La FICV es una instituci\u00f3n sin \u00e1nimo de lucro, registrada ante el gobierno de la Comunidad Valenciana, en Espa\u00f1a, si bien el \u00e1mbito de su actividad es internacional.<\/p>\n<p style=\"text-align: justify;\">ULIA, la Universidad Libre Internacional de las Am\u00e9ricas, ha formado cerca de 1.500 alumnos desde su fundaci\u00f3n en San Jos\u00e9 de Costa Rica el a\u00f1o 2001. El objetivo principal de sus actividades es ofertar una capacitaci\u00f3n de alto nivel acad\u00e9mico que aporte s\u00f3lidas bases para la promoci\u00f3n del desarrollo y la solidaridad, as\u00ed como para la defensa de la dignidad de toda vida humana.<\/p>\n<p style=\"text-align: justify;\">El ideario de ULIA se centra en dos premisas: la excelencia cient\u00edfica en defensa de la vida y el compromiso de gratuidad.<\/p>\n<p>Todos los estudios de ULIA se ofertan a distancia a trav\u00e9s de Internet. Los t\u00edtulos de ULIA no est\u00e1n refrendados por ning\u00fan estado ni aspiran a estarlo.<\/p>\n<p style=\"text-align: center;\"><strong>Para donar a favor de la FICV o de ULIA:<\/strong><\/p>\n<form action=\"https:\/\/www.paypal.com\/cgi-bin\/webscr\" method=\"post\" target=\"_top\">\n<p align=\"center\"><input name=\"cmd\" type=\"hidden\" value=\"_s-xclick\" \/>\u2022 En Espa\u00f1a a trav\u00e9s del bizum<\/p>\n<h1 align=\"center\"><span style=\"color: #339966;\">02616<\/span><\/h1>\n<p align=\"center\"><input name=\"hosted_button_id\" type=\"hidden\" value=\"DQD8UASWSTZ4Q\" \/>\u2022 Desde otros pa\u00edses a trav\u00e9s de Pay Pal<br \/>\n<input alt=\"PayPal, la forma r\u00e1pida y segura de pagar en Internet.\" height=\"26\" name=\"submit\" src=\"https:\/\/www.paypalobjects.com\/es_ES\/ES\/i\/btn\/btn_donate_LG.gif\" type=\"image\" width=\"92\" \/><br \/>\n<img decoding=\"async\" src=\"https:\/\/www.paypalobjects.com\/es_ES\/i\/scr\/pixel.gif\" alt=\"\" width=\"1\" height=\"1\" border=\"0\" \/><\/p>\n<\/form>\n","protected":false},"excerpt":{"rendered":"<p>Para muchas personas no hay causa m\u00e1s noble que la que se centra en proteger el derecho m\u00e1s b\u00e1sico del cual nacen todos los dem\u00e1s derechos: el derecho a la vida. La Fundaci\u00f3n Interamericana Ciencia y Vida se dedica a difundir la cultura de la vida en todo el mundo propiciando, entre otras actividades, los  [&#8230;]<\/p>\n","protected":false},"author":1,"featured_media":0,"parent":0,"menu_order":0,"comment_status":"closed","ping_status":"closed","template":"","meta":{"footnotes":""},"class_list":["post-36","page","type-page","status-publish","hentry"],"_links":{"self":[{"href":"https:\/\/ivsa.es\/ulia\/wp-json\/wp\/v2\/pages\/36","targetHints":{"allow":["GET"]}}],"collection":[{"href":"https:\/\/ivsa.es\/ulia\/wp-json\/wp\/v2\/pages"}],"about":[{"href":"https:\/\/ivsa.es\/ulia\/wp-json\/wp\/v2\/types\/page"}],"author":[{"embeddable":true,"href":"https:\/\/ivsa.es\/ulia\/wp-json\/wp\/v2\/users\/1"}],"replies":[{"embeddable":true,"href":"https:\/\/ivsa.es\/ulia\/wp-json\/wp\/v2\/comments?post=36"}],"version-history":[{"count":23,"href":"https:\/\/ivsa.es\/ulia\/wp-json\/wp\/v2\/pages\/36\/revisions"}],"predecessor-version":[{"id":2361,"href":"https:\/\/ivsa.es\/ulia\/wp-json\/wp\/v2\/pages\/36\/revisions\/2361"}],"wp:attachment":[{"href":"https:\/\/ivsa.es\/ulia\/wp-json\/wp\/v2\/media?parent=36"}],"curies":[{"name":"wp","href":"https:\/\/api.w.org\/{rel}","templated":true}]}}