{"id":371,"date":"2016-01-18T02:06:42","date_gmt":"2016-01-18T02:06:42","guid":{"rendered":"http:\/\/ivsa.es\/ulia\/?page_id=371"},"modified":"2017-04-11T16:27:45","modified_gmt":"2017-04-11T16:27:45","slug":"ficha-de-inscripcion-curso-de-experto-en-comunicacion-catolica","status":"publish","type":"page","link":"https:\/\/ivsa.es\/ulia\/ficha-de-inscripcion-curso-de-experto-en-comunicacion-catolica\/","title":{"rendered":"Ficha de inscripci\u00f3n Curso de Experto en Comunicaci\u00f3n Cat\u00f3lica"},"content":{"rendered":"<p style=\"text-align: justify;\"><span style=\"color: #006633;\">SOLICITUD DE RESERVA DE PLAZA PARA EL TITULO DE EXPERTO EN COMUNICACI\u00d3N CAT\u00d3LICA<\/span><br \/>\nDebido a la escasa disponibilidad de plazas y la necesidad de hacer un buen discernimiento y selecci\u00f3n es necesario rellenar un cuestionario exhaustivo. Le rogamos precisi\u00f3n y concisi\u00f3n. Muchas gracias.<br \/>\n<div class=\"fusion-fullwidth fullwidth-box fusion-builder-row-1 hundred-percent-fullwidth non-hundred-percent-height-scrolling\" style=\"--awb-border-radius-top-left:0px;--awb-border-radius-top-right:0px;--awb-border-radius-bottom-right:0px;--awb-border-radius-bottom-left:0px;--awb-overflow:visible;--awb-flex-wrap:wrap;\" ><div class=\"fusion-builder-row fusion-row\"><div class=\"fusion-layout-column fusion_builder_column fusion-builder-column-0 fusion_builder_column_1_1 1_1 fusion-one-full fusion-column-first fusion-column-last fusion-column-no-min-height\" style=\"--awb-bg-size:cover;--awb-margin-bottom:0px;\"><div class=\"fusion-column-wrapper fusion-flex-column-wrapper-legacy\">\n<div class=\"wpcf7 no-js\" id=\"wpcf7-f374-o1\" lang=\"es-ES\" dir=\"ltr\" data-wpcf7-id=\"374\">\n<div class=\"screen-reader-response\"><p role=\"status\" aria-live=\"polite\" aria-atomic=\"true\"><\/p> <ul><\/ul><\/div>\n<form action=\"\/ulia\/wp-json\/wp\/v2\/pages\/371#wpcf7-f374-o1\" method=\"post\" class=\"wpcf7-form init\" aria-label=\"Formulario de contacto\" novalidate=\"novalidate\" data-status=\"init\">\n<fieldset class=\"hidden-fields-container\"><input type=\"hidden\" name=\"_wpcf7\" value=\"374\" \/><input type=\"hidden\" name=\"_wpcf7_version\" value=\"6.1.4\" \/><input type=\"hidden\" name=\"_wpcf7_locale\" value=\"es_ES\" \/><input type=\"hidden\" name=\"_wpcf7_unit_tag\" value=\"wpcf7-f374-o1\" \/><input type=\"hidden\" name=\"_wpcf7_container_post\" value=\"0\" \/><input type=\"hidden\" name=\"_wpcf7_posted_data_hash\" value=\"\" \/>\n<\/fieldset>\n<p>DATOS PERSONALES\n<\/p>\n<p>Nombre y apellidos\n<\/p>\n<p><span class=\"wpcf7-form-control-wrap\" data-name=\"your-name2\"><input size=\"40\" maxlength=\"400\" class=\"wpcf7-form-control wpcf7-text wpcf7-validates-as-required\" aria-required=\"true\" aria-invalid=\"false\" value=\"\" type=\"text\" name=\"your-name2\" \/><\/span>\n<\/p>\n<p>Fecha de nacimiento\n<\/p>\n<p><span class=\"wpcf7-form-control-wrap\" data-name=\"text-684\"><input size=\"40\" maxlength=\"400\" class=\"wpcf7-form-control wpcf7-text wpcf7-validates-as-required\" aria-required=\"true\" aria-invalid=\"false\" value=\"\" type=\"text\" name=\"text-684\" \/><\/span>\n<\/p>\n<p>Lugar de nacimiento\n<\/p>\n<p><span class=\"wpcf7-form-control-wrap\" data-name=\"text-154\"><input size=\"40\" maxlength=\"400\" class=\"wpcf7-form-control wpcf7-text wpcf7-validates-as-required\" aria-required=\"true\" aria-invalid=\"false\" value=\"\" type=\"text\" name=\"text-154\" \/><\/span>\n<\/p>\n<p>Direcci\u00f3n postal completa\n<\/p>\n<p><span class=\"wpcf7-form-control-wrap\" data-name=\"text-155\"><input size=\"40\" maxlength=\"400\" class=\"wpcf7-form-control wpcf7-text wpcf7-validates-as-required\" aria-required=\"true\" aria-invalid=\"false\" value=\"\" type=\"text\" name=\"text-155\" \/><\/span>\n<\/p>\n<p>Direcci\u00f3n electr\u00f3nica email\n<\/p>\n<p><span class=\"wpcf7-form-control-wrap\" data-name=\"email-782\"><input size=\"40\" maxlength=\"400\" class=\"wpcf7-form-control wpcf7-email wpcf7-validates-as-required wpcf7-text wpcf7-validates-as-email\" aria-required=\"true\" aria-invalid=\"false\" value=\"\" type=\"email\" name=\"email-782\" \/><\/span>\n<\/p>\n<p>Zoom o similares\n<\/p>\n<p><span class=\"wpcf7-form-control-wrap\" data-name=\"text-157\"><input size=\"40\" maxlength=\"400\" class=\"wpcf7-form-control wpcf7-text wpcf7-validates-as-required\" aria-required=\"true\" aria-invalid=\"false\" value=\"\" type=\"text\" name=\"text-157\" \/><\/span>\n<\/p>\n<p>Otras\n<\/p>\n<p><span class=\"wpcf7-form-control-wrap\" data-name=\"text-158\"><input size=\"40\" maxlength=\"400\" class=\"wpcf7-form-control wpcf7-text wpcf7-validates-as-required\" aria-required=\"true\" aria-invalid=\"false\" value=\"\" type=\"text\" name=\"text-158\" \/><\/span>\n<\/p>\n<p>UBICACI\u00d3N\n<\/p>\n<p>\u00bfQue medios de comunicaci\u00f3n tiene pr\u00f3ximos a su residencia?\n<\/p>\n<p><span class=\"wpcf7-form-control-wrap\" data-name=\"text-159\"><input size=\"40\" maxlength=\"400\" class=\"wpcf7-form-control wpcf7-text wpcf7-validates-as-required\" aria-required=\"true\" aria-invalid=\"false\" value=\"\" type=\"text\" name=\"text-159\" \/><\/span>\n<\/p>\n<p>\u00bfCu\u00e1l es su rango de operatividad espacial (distancia) para desplazamientos cotidianos?\n<\/p>\n<p><span class=\"wpcf7-form-control-wrap\" data-name=\"text-160\"><input size=\"40\" maxlength=\"400\" class=\"wpcf7-form-control wpcf7-text wpcf7-validates-as-required\" aria-required=\"true\" aria-invalid=\"false\" value=\"\" type=\"text\" name=\"text-160\" \/><\/span>\n<\/p>\n<p>\u00bfDispone de autonom\u00eda para trasladarse dentro de la ciudad?\n<\/p>\n<p><span class=\"wpcf7-form-control-wrap\" data-name=\"text-161\"><input size=\"40\" maxlength=\"400\" class=\"wpcf7-form-control wpcf7-text wpcf7-validates-as-required\" aria-required=\"true\" aria-invalid=\"false\" value=\"\" type=\"text\" name=\"text-161\" \/><\/span>\n<\/p>\n<p>\u00bfFuera de ella?\n<\/p>\n<p><span class=\"wpcf7-form-control-wrap\" data-name=\"text-162\"><input size=\"40\" maxlength=\"400\" class=\"wpcf7-form-control wpcf7-text wpcf7-validates-as-required\" aria-required=\"true\" aria-invalid=\"false\" value=\"\" type=\"text\" name=\"text-162\" \/><\/span>\n<\/p>\n<p>REPRESENTATIVDAD\n<\/p>\n<p>\u00bfEn qu\u00e9 clase social se ubica?\n<\/p>\n<p><span class=\"wpcf7-form-control-wrap\" data-name=\"text-163\"><input size=\"40\" maxlength=\"400\" class=\"wpcf7-form-control wpcf7-text wpcf7-validates-as-required\" aria-required=\"true\" aria-invalid=\"false\" value=\"\" type=\"text\" name=\"text-163\" \/><\/span>\n<\/p>\n<p>\u00bfUsa o ha usado habitualmente el sistema p\u00fablico (no privado) de salud?\n<\/p>\n<p><span class=\"wpcf7-form-control-wrap\" data-name=\"text-164\"><input size=\"40\" maxlength=\"400\" class=\"wpcf7-form-control wpcf7-text wpcf7-validates-as-required\" aria-required=\"true\" aria-invalid=\"false\" value=\"\" type=\"text\" name=\"text-164\" \/><\/span>\n<\/p>\n<p>\u00bfUsa o ha usado habitualmente el sistema p\u00fablico (no privado) educativo?\n<\/p>\n<p><span class=\"wpcf7-form-control-wrap\" data-name=\"text-165\"><input size=\"40\" maxlength=\"400\" class=\"wpcf7-form-control wpcf7-text wpcf7-validates-as-required\" aria-required=\"true\" aria-invalid=\"false\" value=\"\" type=\"text\" name=\"text-165\" \/><\/span>\n<\/p>\n<p>\u00bfUsa habitualmente transporte p\u00fablico o privado?\n<\/p>\n<p><span class=\"wpcf7-form-control-wrap\" data-name=\"text-166\"><input size=\"40\" maxlength=\"400\" class=\"wpcf7-form-control wpcf7-text wpcf7-validates-as-required\" aria-required=\"true\" aria-invalid=\"false\" value=\"\" type=\"text\" name=\"text-166\" \/><\/span>\n<\/p>\n<p>IMAGEN\n<\/p>\n<p>\u00bfPractica habitualmente alg\u00fan deporte?\n<\/p>\n<p><span class=\"wpcf7-form-control-wrap\" data-name=\"text-167\"><input size=\"40\" maxlength=\"400\" class=\"wpcf7-form-control wpcf7-text wpcf7-validates-as-required\" aria-required=\"true\" aria-invalid=\"false\" value=\"\" type=\"text\" name=\"text-167\" \/><\/span>\n<\/p>\n<p>\u00bfSigue alguno concienzudamente?\n<\/p>\n<p><span class=\"wpcf7-form-control-wrap\" data-name=\"text-168\"><input size=\"40\" maxlength=\"400\" class=\"wpcf7-form-control wpcf7-text wpcf7-validates-as-required\" aria-required=\"true\" aria-invalid=\"false\" value=\"\" type=\"text\" name=\"text-168\" \/><\/span>\n<\/p>\n<p>\u00bfCu\u00e1l es su actividad relajante o de descanso preferida?\n<\/p>\n<p><span class=\"wpcf7-form-control-wrap\" data-name=\"text-169\"><input size=\"40\" maxlength=\"400\" class=\"wpcf7-form-control wpcf7-text wpcf7-validates-as-required\" aria-required=\"true\" aria-invalid=\"false\" value=\"\" type=\"text\" name=\"text-169\" \/><\/span>\n<\/p>\n<p>CONTEXTO FAMILIAR\n<\/p>\n<p>\u00bfCu\u00e1l es su situaci\u00f3n familiar?\n<\/p>\n<p><span class=\"wpcf7-form-control-wrap\" data-name=\"text-170\"><input size=\"40\" maxlength=\"400\" class=\"wpcf7-form-control wpcf7-text wpcf7-validates-as-required\" aria-required=\"true\" aria-invalid=\"false\" value=\"\" type=\"text\" name=\"text-170\" \/><\/span>\n<\/p>\n<p>\u00bfCon qui\u00e9n\/es comparte hogar?\n<\/p>\n<p><span class=\"wpcf7-form-control-wrap\" data-name=\"text-171\"><input size=\"40\" maxlength=\"400\" class=\"wpcf7-form-control wpcf7-text wpcf7-validates-as-required\" aria-required=\"true\" aria-invalid=\"false\" value=\"\" type=\"text\" name=\"text-171\" \/><\/span>\n<\/p>\n<p>SITUACI\u00d3N LABORAL\n<\/p>\n<p>\u00bfCu\u00e1l es su trabajo?\n<\/p>\n<p><span class=\"wpcf7-form-control-wrap\" data-name=\"text-172\"><input size=\"40\" maxlength=\"400\" class=\"wpcf7-form-control wpcf7-text wpcf7-validates-as-required\" aria-required=\"true\" aria-invalid=\"false\" value=\"\" type=\"text\" name=\"text-172\" \/><\/span>\n<\/p>\n<p>\u00bfD\u00f3nde (instituci\u00f3n) lo realiza?\n<\/p>\n<p><span class=\"wpcf7-form-control-wrap\" data-name=\"text-173\"><input size=\"40\" maxlength=\"400\" class=\"wpcf7-form-control wpcf7-text wpcf7-validates-as-required\" aria-required=\"true\" aria-invalid=\"false\" value=\"\" type=\"text\" name=\"text-173\" \/><\/span>\n<\/p>\n<p>COMPROMISO CRISTIANO\n<\/p>\n<p>\u00bfParticipa o ha participado en alguna instituci\u00f3n o asociaci\u00f3n confesional? \u00bfCu\u00e1l?\n<\/p>\n<p><span class=\"wpcf7-form-control-wrap\" data-name=\"text-174\"><input size=\"40\" maxlength=\"400\" class=\"wpcf7-form-control wpcf7-text wpcf7-validates-as-required\" aria-required=\"true\" aria-invalid=\"false\" value=\"\" type=\"text\" name=\"text-174\" \/><\/span>\n<\/p>\n<p>\u00bfParticipa en alguna iniciativa social provida o profamilia? \u00bfCu\u00e1l?\n<\/p>\n<p><span class=\"wpcf7-form-control-wrap\" data-name=\"text-175\"><input size=\"40\" maxlength=\"400\" class=\"wpcf7-form-control wpcf7-text wpcf7-validates-as-required\" aria-required=\"true\" aria-invalid=\"false\" value=\"\" type=\"text\" name=\"text-175\" \/><\/span>\n<\/p>\n<p>\u00bfColabora en alguna actividad eclesial parroquial o diocesana? \u00bfCu\u00e1l?\n<\/p>\n<p><span class=\"wpcf7-form-control-wrap\" data-name=\"text-176\"><input size=\"40\" maxlength=\"400\" class=\"wpcf7-form-control wpcf7-text wpcf7-validates-as-required\" aria-required=\"true\" aria-invalid=\"false\" value=\"\" type=\"text\" name=\"text-176\" \/><\/span>\n<\/p>\n<p>CAPACITACI\u00d3N\n<\/p>\n<p>Estudios o curso de mayor rango realizado\n<\/p>\n<p><span class=\"wpcf7-form-control-wrap\" data-name=\"text-177\"><input size=\"40\" maxlength=\"400\" class=\"wpcf7-form-control wpcf7-text wpcf7-validates-as-required\" aria-required=\"true\" aria-invalid=\"false\" value=\"\" type=\"text\" name=\"text-177\" \/><\/span>\n<\/p>\n<p>Centro donde curs\u00f3 sus estudios primarios\n<\/p>\n<p><span class=\"wpcf7-form-control-wrap\" data-name=\"text-178\"><input size=\"40\" maxlength=\"400\" class=\"wpcf7-form-control wpcf7-text wpcf7-validates-as-required\" aria-required=\"true\" aria-invalid=\"false\" value=\"\" type=\"text\" name=\"text-178\" \/><\/span>\n<\/p>\n<p>Centro donde curs\u00f3 sus estudios secundarios\n<\/p>\n<p><span class=\"wpcf7-form-control-wrap\" data-name=\"text-179\"><input size=\"40\" maxlength=\"400\" class=\"wpcf7-form-control wpcf7-text wpcf7-validates-as-required\" aria-required=\"true\" aria-invalid=\"false\" value=\"\" type=\"text\" name=\"text-179\" \/><\/span>\n<\/p>\n<p>Centro donde curs\u00f3 sus estudios terciarios\n<\/p>\n<p><span class=\"wpcf7-form-control-wrap\" data-name=\"text-180\"><input size=\"40\" maxlength=\"400\" class=\"wpcf7-form-control wpcf7-text wpcf7-validates-as-required\" aria-required=\"true\" aria-invalid=\"false\" value=\"\" type=\"text\" name=\"text-180\" \/><\/span>\n<\/p>\n<p><input class=\"wpcf7-form-control wpcf7-submit has-spinner\" type=\"submit\" value=\"Enviar\" \/>\n<\/p><div class=\"fusion-alert alert custom alert-custom fusion-alert-center wpcf7-response-output fusion-alert-capitalize awb-alert-native-link-color alert-dismissable awb-alert-close-boxed\" style=\"--awb-border-size:1px;--awb-border-top-left-radius:0px;--awb-border-top-right-radius:0px;--awb-border-bottom-left-radius:0px;--awb-border-bottom-right-radius:0px;\" role=\"alert\"><div class=\"fusion-alert-content-wrapper\"><span class=\"fusion-alert-content\"><\/span><\/div><button type=\"button\" class=\"close toggle-alert\" data-dismiss=\"alert\" aria-label=\"Close\">&times;<\/button><\/div>\n<\/form>\n<\/div>\n\n<p style=\"text-align: justify;\">Una vez enviada la solicitud (rellenado este cuestionario), y si esta ha pasado la primera selecci\u00f3n, le pediremos que nos env\u00ede por email (a <a href=\"mailto:info@ulia.org\">info@ulia.org<\/a>) el enlace a un saludo suyo grabado en video (no m\u00e1s de un minuto) o bien en su defecto que solicite con nosotros una comunicaci\u00f3n v\u00eda Skype.<\/p>\n<div class=\"fusion-clearfix\"><\/div><\/div><\/div><\/div><\/div><\/p>\n","protected":false},"excerpt":{"rendered":"<p>SOLICITUD DE RESERVA DE PLAZA PARA EL TITULO DE EXPERTO EN COMUNICACI\u00d3N CAT\u00d3LICA Debido a la escasa disponibilidad de plazas y la necesidad de hacer un buen discernimiento y selecci\u00f3n es necesario rellenar un cuestionario exhaustivo. Le rogamos precisi\u00f3n y concisi\u00f3n. Muchas gracias.<\/p>\n","protected":false},"author":1,"featured_media":0,"parent":0,"menu_order":0,"comment_status":"closed","ping_status":"closed","template":"","meta":{"footnotes":""},"class_list":["post-371","page","type-page","status-publish","hentry"],"_links":{"self":[{"href":"https:\/\/ivsa.es\/ulia\/wp-json\/wp\/v2\/pages\/371","targetHints":{"allow":["GET"]}}],"collection":[{"href":"https:\/\/ivsa.es\/ulia\/wp-json\/wp\/v2\/pages"}],"about":[{"href":"https:\/\/ivsa.es\/ulia\/wp-json\/wp\/v2\/types\/page"}],"author":[{"embeddable":true,"href":"https:\/\/ivsa.es\/ulia\/wp-json\/wp\/v2\/users\/1"}],"replies":[{"embeddable":true,"href":"https:\/\/ivsa.es\/ulia\/wp-json\/wp\/v2\/comments?post=371"}],"version-history":[{"count":5,"href":"https:\/\/ivsa.es\/ulia\/wp-json\/wp\/v2\/pages\/371\/revisions"}],"predecessor-version":[{"id":2660,"href":"https:\/\/ivsa.es\/ulia\/wp-json\/wp\/v2\/pages\/371\/revisions\/2660"}],"wp:attachment":[{"href":"https:\/\/ivsa.es\/ulia\/wp-json\/wp\/v2\/media?parent=371"}],"curies":[{"name":"wp","href":"https:\/\/api.w.org\/{rel}","templated":true}]}}