{"id":43,"date":"2015-12-30T17:39:07","date_gmt":"2015-12-30T17:39:07","guid":{"rendered":"http:\/\/ivsa.es\/ulia\/?page_id=43"},"modified":"2022-06-13T13:43:05","modified_gmt":"2022-06-13T13:43:05","slug":"directivos","status":"publish","type":"page","link":"https:\/\/ivsa.es\/ulia\/directivos\/","title":{"rendered":"Directivos"},"content":{"rendered":"<div class=\"fsn-row full-width-row fsn-69ecf8387df20 light\" style=\"background-repeat:repeat;background-position:left top;background-attachment:scroll;background-size:auto;\"><div class=\"container-fluid\"><div class=\"row\"><\/div><\/div><\/div><div class=\"col-sm-12\"><div class=\"fsn-column-inner fsn-69ecf8387df4c light\"><\/div><\/div><div class=\"fsn-text fsn-69ecf8387df5f\"><\/div>\n<div class=\"fusion-fullwidth fullwidth-box fusion-builder-row-1 hundred-percent-fullwidth non-hundred-percent-height-scrolling\" style=\"background-color: #ffffff; background-position: center center; margin-bottom: 0px; margin-top: 0px; padding: 0px; border: 0px solid #eae9e9;\">\n<div class=\"fusion-builder-row fusion-row\">\n<div class=\"fusion-layout-column fusion_builder_column fusion-builder-column-0 fusion_builder_column_1_4 1_4 fusion-one-fourth fusion-column-first\" style=\"width: 22%; margin-right: 4%; margin-top: 0px; margin-bottom: 20px;\">\n<div class=\"fusion-column-wrapper fusion-flex-column-wrapper-legacy\" style=\"background-position: left top; background-size: cover; padding: 0px 0px 0px 0px;\">\n<div class=\"fusion-person person fusion-person-left fusion-person-1 fusion-person-icon-top\">\n<div class=\"person-shortcode-image-wrapper\">\n<div class=\"person-image-container hover-type-none\" style=\"border: 0px solid #f6f6f6; border-radius: 0px;\"><img decoding=\"async\" class=\"person-img img-responsive\" src=\"http:\/\/ivsa.es\/ulia\/wp-content\/uploads\/2022\/06\/foto-JPA.jpg\" alt=\"Jos\u00e9 P\u00e9rez Ad\u00e1n\" \/><\/div>\n<\/div>\n<div class=\"person-desc\">\n<div class=\"person-author\">\n<div class=\"person-author-wrapper\"><span class=\"person-name\">Jos\u00e9 P\u00e9rez Ad\u00e1n<\/span><\/div>\n<\/div>\n<div class=\"person-content fusion-clearfix\">Catedr\u00e1tico Acreditado de Sociolog\u00eda, Universidad de Valencia. Rector ULIA<\/div>\n<\/div>\n<\/div>\n<div class=\"fusion-clearfix\"><\/div>\n<\/div>\n<\/div>\n<div class=\"fusion-layout-column fusion_builder_column fusion-builder-column-1 fusion_builder_column_1_4 1_4 fusion-one-fourth\" style=\"width: 22%; margin-right: 4%; margin-top: 0px; margin-bottom: 20px;\">\n<div class=\"fusion-column-wrapper fusion-flex-column-wrapper-legacy\" style=\"background-position: left top; background-size: cover; padding: 0px 0px 0px 0px;\">\n<div class=\"fusion-person person fusion-person-left fusion-person-2 fusion-person-icon-top\">\n<div class=\"person-shortcode-image-wrapper\">\n<div class=\"person-image-container hover-type-none\" style=\"border: 0px solid #f6f6f6; border-radius: 0px;\"><img decoding=\"async\" class=\"person-img img-responsive\" src=\"http:\/\/ivsa.es\/ulia\/wp-content\/uploads\/2022\/06\/Jorge-Sebastian.jpg\" alt=\"Jorge Sebasti\u00e1n\" \/><\/div>\n<\/div>\n<div class=\"person-desc\">\n<div class=\"person-author\">\n<div class=\"person-author-wrapper\"><span class=\"person-name\">Jorge Sebasti\u00e1n<\/span><\/div>\n<\/div>\n<div class=\"person-content fusion-clearfix\">Profesor de H\u00aa del Arte, Universidad de Valencia<\/div>\n<\/div>\n<\/div>\n<div class=\"fusion-clearfix\"><\/div>\n<\/div>\n<\/div>\n<div class=\"fusion-layout-column fusion_builder_column fusion-builder-column-2 fusion_builder_column_1_4 1_4 fusion-one-fourth\" style=\"width: 22%; margin-right: 4%; margin-top: 0px; margin-bottom: 20px;\">\n<div class=\"fusion-column-wrapper fusion-flex-column-wrapper-legacy\" style=\"background-position: left top; background-size: cover; padding: 0px 0px 0px 0px;\">\n<div class=\"fusion-person person fusion-person-left fusion-person-3 fusion-person-icon-top\">\n<div class=\"person-shortcode-image-wrapper\">\n<div class=\"person-image-container hover-type-none\" style=\"border: 0px solid #f6f6f6; border-radius: 0px;\"><a href=\"http:\/\/ivsa.es\/ulia\/wp-content\/uploads\/2021\/05\/Ana_Costa-BN.jpg\"><img fetchpriority=\"high\" decoding=\"async\" class=\"aligncenter size-full wp-image-1989\" src=\"http:\/\/ivsa.es\/ulia\/wp-content\/uploads\/2021\/05\/Ana_Costa-BN.jpg\" alt=\"\" width=\"242\" height=\"350\" srcset=\"https:\/\/ivsa.es\/ulia\/wp-content\/uploads\/2021\/05\/Ana_Costa-BN-200x289.jpg 200w, https:\/\/ivsa.es\/ulia\/wp-content\/uploads\/2021\/05\/Ana_Costa-BN-207x300.jpg 207w, https:\/\/ivsa.es\/ulia\/wp-content\/uploads\/2021\/05\/Ana_Costa-BN.jpg 242w\" sizes=\"(max-width: 242px) 100vw, 242px\" \/><\/a><\/div>\n<\/div>\n<div class=\"person-desc\">\n<div class=\"person-author\">\n<div class=\"person-author-wrapper\"><span class=\"person-name\">Ana Mar\u00eda Costa<\/span><\/div>\n<\/div>\n<div class=\"person-content fusion-clearfix\">M\u00e9dico y Profesora. Universidad de Valencia.Secretar\u00eda de ULIA<\/div>\n<\/div>\n<\/div>\n<div class=\"fusion-clearfix\"><\/div>\n<\/div>\n<\/div>\n<div class=\"fusion-layout-column fusion_builder_column fusion-builder-column-3 fusion_builder_column_1_4 1_4 fusion-one-fourth fusion-column-last\" style=\"width: 22%; margin-top: 0px; margin-bottom: 20px;\">\n<div class=\"fusion-column-wrapper fusion-flex-column-wrapper-legacy\" style=\"background-position: left top; background-size: cover; padding: 0px 0px 0px 0px;\">\n<div class=\"fusion-person person fusion-person-left fusion-person-4 fusion-person-icon-top\">\n<div class=\"person-shortcode-image-wrapper\">\n<div class=\"person-image-container hover-type-none\" style=\"border: 0px solid #f6f6f6; border-radius: 0px;\"><img decoding=\"async\" class=\"person-img img-responsive\" src=\"http:\/\/ivsa.es\/ulia\/wp-content\/uploads\/2022\/06\/Nacho-Gil.jpg\" alt=\"Ignacio Gil\" \/><\/div>\n<\/div>\n<div class=\"person-desc\">\n<div class=\"person-author\">\n<div class=\"person-author-wrapper\"><span class=\"person-name\">Ignacio Gil<\/span><\/div>\n<\/div>\n<div class=\"person-content fusion-clearfix\">Catedr\u00e1tico Acreditado de Organizaci\u00f3n de Empresas, Universidad Polit\u00e9cnica de Valencia<\/div>\n<\/div>\n<\/div>\n<div class=\"fusion-clearfix\"><\/div>\n<\/div>\n<\/div>\n<div class=\"fusion-layout-column fusion_builder_column fusion-builder-column-4 fusion_builder_column_1_1 1_1 fusion-one-full fusion-column-first fusion-column-last fusion-column-no-min-height\" style=\"margin-top: 0px; margin-bottom: 0px;\">\n<div class=\"fusion-column-wrapper fusion-flex-column-wrapper-legacy\" style=\"background-position: left top; background-size: cover; padding: 0px 0px 0px 0px;\">\n<div class=\"fusion-clearfix\"><\/div>\n<\/div>\n<\/div>\n<\/div>\n<\/div>\n","protected":false},"excerpt":{"rendered":"<p>Jos\u00e9 P\u00e9rez Ad\u00e1n Catedr\u00e1tico Acreditado de Sociolog\u00eda, Universidad de Valencia. Rector ULIA Jorge Sebasti\u00e1n Profesor de H\u00aa del Arte, Universidad de Valencia Ana Mar\u00eda Costa M\u00e9dico y Profesora. Universidad de Valencia.Secretar\u00eda de ULIA Ignacio Gil Catedr\u00e1tico Acreditado de Organizaci\u00f3n de Empresas, Universidad Polit\u00e9cnica de Valencia<\/p>\n","protected":false},"author":1,"featured_media":0,"parent":0,"menu_order":0,"comment_status":"closed","ping_status":"closed","template":"","meta":{"footnotes":""},"class_list":["post-43","page","type-page","status-publish","hentry"],"_links":{"self":[{"href":"https:\/\/ivsa.es\/ulia\/wp-json\/wp\/v2\/pages\/43","targetHints":{"allow":["GET"]}}],"collection":[{"href":"https:\/\/ivsa.es\/ulia\/wp-json\/wp\/v2\/pages"}],"about":[{"href":"https:\/\/ivsa.es\/ulia\/wp-json\/wp\/v2\/types\/page"}],"author":[{"embeddable":true,"href":"https:\/\/ivsa.es\/ulia\/wp-json\/wp\/v2\/users\/1"}],"replies":[{"embeddable":true,"href":"https:\/\/ivsa.es\/ulia\/wp-json\/wp\/v2\/comments?post=43"}],"version-history":[{"count":20,"href":"https:\/\/ivsa.es\/ulia\/wp-json\/wp\/v2\/pages\/43\/revisions"}],"predecessor-version":[{"id":2345,"href":"https:\/\/ivsa.es\/ulia\/wp-json\/wp\/v2\/pages\/43\/revisions\/2345"}],"wp:attachment":[{"href":"https:\/\/ivsa.es\/ulia\/wp-json\/wp\/v2\/media?parent=43"}],"curies":[{"name":"wp","href":"https:\/\/api.w.org\/{rel}","templated":true}]}}