{"id":580,"date":"2016-02-01T11:05:45","date_gmt":"2016-02-01T11:05:45","guid":{"rendered":"http:\/\/ivsa.es\/ulia\/?page_id=580"},"modified":"2024-04-16T10:09:34","modified_gmt":"2024-04-16T10:09:34","slug":"diploma-en-derecho-natural-y-derechos-humanos","status":"publish","type":"page","link":"https:\/\/ivsa.es\/ulia\/diploma-en-derecho-natural-y-derechos-humanos\/","title":{"rendered":"Diploma en Derecho Natural y Derechos Humanos"},"content":{"rendered":"<p style=\"text-align: justify;\"><div class=\"fusion-fullwidth fullwidth-box fusion-builder-row-1 nonhundred-percent-fullwidth non-hundred-percent-height-scrolling\" style=\"--awb-background-position:left top;--awb-border-radius-top-left:0px;--awb-border-radius-top-right:0px;--awb-border-radius-bottom-right:0px;--awb-border-radius-bottom-left:0px;--awb-padding-top:20px;--awb-padding-bottom:20px;--awb-border-sizes-top:0px;--awb-border-sizes-bottom:0px;--awb-flex-wrap:wrap;\" ><div class=\"fusion-builder-row fusion-row\"><div class=\"fusion-layout-column fusion_builder_column fusion-builder-column-0 fusion_builder_column_1_1 1_1 fusion-one-full fusion-column-first fusion-column-last fusion-column-no-min-height\" style=\"--awb-bg-size:cover;--awb-margin-bottom:0px;\"><div class=\"fusion-column-wrapper fusion-flex-column-wrapper-legacy\"><div class=\"fusion-tabs fusion-tabs-1 classic vertical-tabs icon-position-left mobile-mode-accordion\" style=\"--awb-title-border-radius-top-left:0px;--awb-title-border-radius-top-right:0px;--awb-title-border-radius-bottom-right:0px;--awb-title-border-radius-bottom-left:0px;--awb-inactive-color:#f1f2f2;--awb-background-color:#ffffff;--awb-border-color:#ebeaea;--awb-active-border-color:#006634;\"><div class=\"nav\"><ul class=\"nav-tabs\" role=\"tablist\"><li class=\"active\" role=\"presentation\"><a class=\"tab-link\" data-toggle=\"tab\" role=\"tab\" aria-controls=\"tab-25583d33dec0c08c23b\" aria-selected=\"true\" id=\"fusion-tab-caracter\u00edsticas\" href=\"#tab-25583d33dec0c08c23b\"><h4 class=\"fusion-tab-heading\"><i class=\"fontawesome-icon fa fa-list-ul\" aria-hidden=\"true\" style=\"font-size:13px;\"><\/i>Caracter\u00edsticas<\/h4><\/a><\/li><li role=\"presentation\"><a class=\"tab-link\" data-toggle=\"tab\" role=\"tab\" aria-controls=\"tab-4812034673082a2c729\" aria-selected=\"false\" tabindex=\"-1\" id=\"fusion-tab-objetivos\" href=\"#tab-4812034673082a2c729\"><h4 class=\"fusion-tab-heading\"><i class=\"fontawesome-icon fa fa-check-square-o\" aria-hidden=\"true\" style=\"font-size:13px;\"><\/i>Objetivos<\/h4><\/a><\/li><li role=\"presentation\"><a class=\"tab-link\" data-toggle=\"tab\" role=\"tab\" aria-controls=\"tab-c03eaf3f69481b1df30\" aria-selected=\"false\" tabindex=\"-1\" id=\"fusion-tab-contenidos\" href=\"#tab-c03eaf3f69481b1df30\"><h4 class=\"fusion-tab-heading\"><i class=\"fontawesome-icon fa fa-list-alt\" aria-hidden=\"true\" style=\"font-size:13px;\"><\/i>Contenidos<\/h4><\/a><\/li><li role=\"presentation\"><a class=\"tab-link\" data-toggle=\"tab\" role=\"tab\" aria-controls=\"tab-0f39964984f32851ef2\" aria-selected=\"false\" tabindex=\"-1\" id=\"fusion-tab-metodolog\u00eda\" href=\"#tab-0f39964984f32851ef2\"><h4 class=\"fusion-tab-heading\"><i class=\"fontawesome-icon fa fa-comment\" aria-hidden=\"true\" style=\"font-size:13px;\"><\/i>Metodolog\u00eda<\/h4><\/a><\/li><li role=\"presentation\"><a class=\"tab-link\" data-toggle=\"tab\" role=\"tab\" aria-controls=\"tab-2d5e76d6d4146109409\" aria-selected=\"false\" tabindex=\"-1\" id=\"fusion-tab-inscripci\u00f3n\" href=\"#tab-2d5e76d6d4146109409\"><h4 class=\"fusion-tab-heading\"><i class=\"fontawesome-icon fa fa-user\" aria-hidden=\"true\" style=\"font-size:13px;\"><\/i>Inscripci\u00f3n<\/h4><\/a><\/li><\/ul><\/div><div class=\"tab-content\"><div class=\"nav fusion-mobile-tab-nav\"><ul class=\"nav-tabs\" role=\"tablist\"><li class=\"active\" role=\"presentation\"><a class=\"tab-link\" data-toggle=\"tab\" role=\"tab\" aria-controls=\"tab-25583d33dec0c08c23b\" aria-selected=\"true\" id=\"mobile-fusion-tab-caracter\u00edsticas\" href=\"#tab-25583d33dec0c08c23b\"><h4 class=\"fusion-tab-heading\"><i class=\"fontawesome-icon fa fa-list-ul\" aria-hidden=\"true\" style=\"font-size:13px;\"><\/i>Caracter\u00edsticas<\/h4><\/a><\/li><\/ul><\/div><div class=\"tab-pane fade fusion-clearfix in active\" role=\"tabpanel\" tabindex=\"0\" aria-labelledby=\"fusion-tab-caracter\u00edsticas\" id=\"tab-25583d33dec0c08c23b\">\n<p style=\"text-align: justify;\">Programa a distancia enmarcado en el ideario de <span style=\"color: #006633;\"><a style=\"color: #006633;\" href=\"http:\/\/ivsa.es\/ulia\/md\"><b>ULIA<\/b><\/a><\/span> y de la <span style=\"color: #006633;\"><a style=\"color: #006633;\" href=\"http:\/\/ivsa.es\/ulia\/ficv\"><b>Fundaci\u00f3n Interamericana Ciencia y Vida (FICV)<\/b><\/a><\/span>,que apuesta por la gratuidad en el servicio a la ciencia y la defensa de la vida humana y su dignidad.<\/p>\n<h3 style=\"text-align: justify;\"><span style=\"color: #006633;\"><strong>Descripci\u00f3n General:<\/strong><\/span><\/h3>\n<p style=\"text-align: justify;\">El Diploma en Derecho Natural y Derechos Humanos, se desarrolla en dos semestres: En el primero se estudian el concepto del Derecho Natural y una visi\u00f3n general de las principales posiciones filos\u00f3fico-jur\u00eddicas sobre el mismo; en el segundo se estudian los derechos humanos como los contenidos b\u00e1sicos y fundamentales del Derecho Natural en el que aquellos encuentran su asiento.<\/p>\n<p style=\"text-align: justify;\"><span style=\"color: #006633;\"><strong>Durac<span style=\"color: #006633;\">i\u00f3<\/span>n:<\/strong><\/span><br \/>\n1 a\u00f1o: del 1 de Enero al 31 de Diciembre.<br \/>\nCarga lectiva equivalente a 20 cr\u00e9ditos (entre 300 y 500 horas de dedicaci\u00f3n).<\/p>\n<p>Matr\u00edcula abierta hasta completar cupo y en todo caso antes del 8 de diciembre del a\u00f1o en curso.<\/p>\n<p style=\"text-align: justify;\"><span style=\"color: #006633;\"><strong>Dirigido a:<\/strong><\/span><br \/>\nPol\u00edticos y servidores p\u00fablicos; directivos y l\u00edderes de asociaciones provida y profamilia; miembros, t\u00e9cnicos y voluntarios de organizaciones no gubernamentales; profesionales y profesionistas con inter\u00e9s en temas de derechos humanos; l\u00edderes y gestores de asociaciones civiles; licenciados en derecho egresados de universidades con fuerte carga ideol\u00f3gica positivista o contractualista.<\/p>\n<p style=\"text-align: justify;\"><span style=\"color: #006633;\"><strong>Requisitos:<\/strong><\/span><\/p>\n<p style=\"text-align: justify;\" align=\"justify\">Capacitaci\u00f3n universitaria cumplida o en curso; justificar la idoneidad y necesidad para cubrir una de las 20 plazas ofertadas.<\/p>\n<p style=\"text-align: justify;\" align=\"justify\">El programa fu\u00e9 dise\u00f1ado, a trav\u00e9s de la Secretar\u00eda General de ULIA, por el profesor Alberto Calvo Meijide de la Universidad San Pablo CEU de Madrid, y est\u00e1 coordinado por el profesor Jorge Mario Cabrera, de la Universidad de Costa Rica.<\/p>\n<p style=\"text-align: justify;\" align=\"justify\">La direcci\u00f3n de correo \u00fanica del curso es: <span style=\"color: #006633;\"><strong><a style=\"color: #006633;\" href=\"mailto:dnahu@ulia.org\">dnahu@ulia.org<\/a> \u00a0<\/strong><\/span><\/p>\n<p style=\"text-align: justify;\"><\/div><div class=\"nav fusion-mobile-tab-nav\"><ul class=\"nav-tabs\" role=\"tablist\"><li role=\"presentation\"><a class=\"tab-link\" data-toggle=\"tab\" role=\"tab\" aria-controls=\"tab-4812034673082a2c729\" aria-selected=\"false\" tabindex=\"-1\" id=\"mobile-fusion-tab-objetivos\" href=\"#tab-4812034673082a2c729\"><h4 class=\"fusion-tab-heading\"><i class=\"fontawesome-icon fa fa-check-square-o\" aria-hidden=\"true\" style=\"font-size:13px;\"><\/i>Objetivos<\/h4><\/a><\/li><\/ul><\/div><div class=\"tab-pane fade fusion-clearfix\" role=\"tabpanel\" tabindex=\"0\" aria-labelledby=\"fusion-tab-objetivos\" id=\"tab-4812034673082a2c729\">\n<div align=\"justify\">El Derecho Natural y su contenido esencial, los Derechos Humanos, constituyen la base de los planteamientos morales y jur\u00eddicos de la bio\u00e9tica y de la protecci\u00f3n de la vida humana. Se trata, por tanto, de buscar una aproximaci\u00f3n a la valoraci\u00f3n \u00e9tica del desarrollo cient\u00edfico (con particular referencia a las ciencias de la salud), para que el mismo, partiendo de la verdad y la naturaleza del hombre y de las cosas, sea respetuoso con los valores inherentes a la persona humana.<\/div>\n<div align=\"justify\"><\/div>\n<div align=\"justify\">Bien es verdad que el Derecho Natural es hoy el gran preterido; se habla de Derechos Humanos, pero se olvida el Derecho Natural, sin querer comprender que, precisamente, los Derechos Humanos, y sus correlativos deberes, son la esencia misma de aqu\u00e9l, pues su idea central es la Justicia y \u00e9sta no se puede dar si no es mediante el respeto al derecho.<\/div>\n<h3><strong><span style=\"color: #006633;\">Objetivos Generales del curso:<\/span><\/strong><\/h3>\n<ol>\n<li>\n<p align=\"justify\">Conocer el concepto, naturaleza y caracteres esenciales del Derecho Natural.<\/p>\n<\/li>\n<li>\n<p align=\"JUSTIFY\">Entender los planteamientos hist\u00f3ricos y filos\u00f3ficos del Derecho Natural partiendo de una antropolog\u00eda cristiana y de las primeras manifestaciones de aqu\u00e9l, como medio necesario para comprender su universalidad y generalidad.<\/p>\n<\/li>\n<li>\n<p align=\"JUSTIFY\">Conocer los derechos humanos en su realidad y formulaci\u00f3n actual y establecer las bases de un an\u00e1lisis cr\u00edtico de su carencia en la realidad social vigente.<\/p>\n<\/li>\n<li>\n<p align=\"JUSTIFY\">Adquirir un conocimiento especial acerca del fundamental y principal de los derechos humanos: el derecho a la vida, y concretar un estudio de investigaci\u00f3n biom\u00e9dica sobre dicho derecho.<\/p>\n<\/li>\n<li>\n<p align=\"JUSTIFY\">Conocer y valorar otros derechos humanos calificados de mayor importancia, de entre los que cabe destacar, la libertad religiosa, de pensamiento y conciencia, el matrimonio y la familia, y algunos otros temas de actualidad.<\/p>\n<\/li>\n<\/ol>\n<p align=\"JUSTIFY\"><\/div><div class=\"nav fusion-mobile-tab-nav\"><ul class=\"nav-tabs\" role=\"tablist\"><li role=\"presentation\"><a class=\"tab-link\" data-toggle=\"tab\" role=\"tab\" aria-controls=\"tab-c03eaf3f69481b1df30\" aria-selected=\"false\" tabindex=\"-1\" id=\"mobile-fusion-tab-contenidos\" href=\"#tab-c03eaf3f69481b1df30\"><h4 class=\"fusion-tab-heading\"><i class=\"fontawesome-icon fa fa-list-alt\" aria-hidden=\"true\" style=\"font-size:13px;\"><\/i>Contenidos<\/h4><\/a><\/li><\/ul><\/div><div class=\"tab-pane fade fusion-clearfix\" role=\"tabpanel\" tabindex=\"0\" aria-labelledby=\"fusion-tab-contenidos\" id=\"tab-c03eaf3f69481b1df30\">\n<h3 style=\"text-align: justify;\"><span style=\"color: #006633;\"><strong>PROGRAM<span style=\"color: #006633;\">A GEN<\/span>ERAL<\/strong><\/span><\/h3>\n<p align=\"left\"><span style=\"color: #006633;\"><strong>Curso I: Derecho Natural: Concepto e historia:<\/strong><\/span><\/p>\n<p align=\"JUSTIFY\">UNIDAD I: El concepto del Derecho Natural<\/p>\n<p align=\"JUSTIFY\">Se enviar\u00e1 el material de estudio el d\u00eda 1 de enero<\/p>\n<p align=\"JUSTIFY\">El control de lectura se remitir\u00e1 por el alumno entre los d\u00edas 15 y 20 de enero<\/p>\n<p style=\"padding-left: 30px;\" align=\"JUSTIFY\">Tema 1.- La naturaleza humana como fundamento antropol\u00f3gico del Derecho Natural. Una visi\u00f3n de la antropolog\u00eda cristiana<\/p>\n<p style=\"padding-left: 30px;\" align=\"JUSTIFY\">Tema 2.- Concepto, naturaleza y caracteres del Derecho Natural. Derecho Natural y Derecho Divino<\/p>\n<p style=\"padding-left: 30px;\" align=\"JUSTIFY\">Tema 3.- Concepto de Derecho Positivo y su conexi\u00f3n con el Derecho Natural<\/p>\n<p style=\"padding-left: 30px;\" align=\"JUSTIFY\">Tema 4.- El Derecho Natural en las Sagradas Escrituras<\/p>\n<p align=\"JUSTIFY\">UNIDAD II: El Derecho Natural en la Edad Media y Moderna<\/p>\n<p align=\"JUSTIFY\">Se enviar\u00e1 el material de estudio el d\u00eda 1 de febrero<\/p>\n<p align=\"JUSTIFY\">El control de lectura se remitir\u00e1 por el alumno entre los d\u00edas 15 y 20 de febrero.<\/p>\n<p style=\"padding-left: 30px;\" align=\"JUSTIFY\">Tema 5.- El Derecho Natural en el mundo cl\u00e1sico: Grecia y Roma.<\/p>\n<p style=\"padding-left: 30px;\" align=\"JUSTIFY\">Tema 6.- El Derecho Natural en la Patr\u00edstica<\/p>\n<p style=\"padding-left: 30px;\" align=\"JUSTIFY\">Tema 7.- El iusnaturalismo en la escol\u00e1stica<\/p>\n<p style=\"padding-left: 30px;\" align=\"JUSTIFY\">Tema 8.- El renacimiento y el iusnaturalismo racionalista<\/p>\n<p align=\"JUSTIFY\">UNIDAD III: El Derecho Natural en la Edad Contempor\u00e1nea<\/p>\n<p align=\"JUSTIFY\">Se enviar\u00e1 el material de estudio el d\u00eda 1 de marzo<\/p>\n<p align=\"JUSTIFY\">El control de lectura se remitir\u00e1 por el alumno entre los d\u00edas 15 y 20 de marzo<\/p>\n<p style=\"padding-left: 30px;\" align=\"JUSTIFY\">Tema 9.- El Siglo XIX: Positivismo e historicismo (la Escuela Hist\u00f3rica del Derecho)<\/p>\n<p style=\"padding-left: 30px;\" align=\"JUSTIFY\">Tema 10.- Pensamiento filos\u00f3fico del Siglo XX<\/p>\n<p style=\"padding-left: 30px;\" align=\"JUSTIFY\">Tema 11.- El iusnaturalismo en el Siglo XX<\/p>\n<p style=\"padding-left: 30px;\" align=\"JUSTIFY\">Tema 12: El Derecho Natural en la Doctrina de la Iglesia.<\/p>\n<p align=\"JUSTIFY\">Mes de Junio: Semana 1 y 2: Presentaci\u00f3n del resumen de todos los temas y del trabajo de elaboraci\u00f3n propia de este semestre, fecha l\u00edmite: antes 13 de Junio. Semana 3: Comunicaci\u00f3n de la marcha del curso y de la evaluaci\u00f3n de los resultados.<\/p>\n<p align=\"left\"><span style=\"color: #006633;\"><strong>Curso 2: Los derechos humanos, contenido b\u00e1sico del Derecho Natural<\/strong><\/span><\/p>\n<p align=\"JUSTIFY\">UNIDAD I: La persona y el derecho subjetivo<\/p>\n<p align=\"JUSTIFY\">Se enviar\u00e1 el material de estudio el d\u00eda 1 de agosto<\/p>\n<p align=\"JUSTIFY\">El control de lectura se remitir\u00e1 por el alumno entre los d\u00edas 15 y 20 de agosto<\/p>\n<p style=\"padding-left: 30px;\" align=\"JUSTIFY\">Tema 13.- La persona y el Derecho. La personalidad jur\u00eddica<\/p>\n<p style=\"padding-left: 30px;\" align=\"JUSTIFY\">Tema 14.- Teor\u00eda del derecho subjetivo<\/p>\n<p style=\"padding-left: 30px;\" align=\"JUSTIFY\">Tema 15.- Concepto y caracteres de los derechos humanos<\/p>\n<p style=\"padding-left: 30px;\" align=\"JUSTIFY\">Tema 16.- La Declaraci\u00f3n Universal de los Derechos Humanos y otras declaraciones internacionales<\/p>\n<p align=\"JUSTIFY\">UNIDAD II: El derecho a la vida<\/p>\n<p align=\"JUSTIFY\">Se enviar\u00e1 el material de estudio el d\u00eda 1 de septiembre<\/p>\n<p align=\"JUSTIFY\">El control de lectura se remitir\u00e1 por el alumno entre los d\u00edas 15 y 20 de septiembre.<\/p>\n<p style=\"padding-left: 30px;\" align=\"JUSTIFY\">Tema 17.- Contenido y extensi\u00f3n: El derecho a la vida desde su inicio hasta la muerte natural.<\/p>\n<p style=\"padding-left: 30px;\" align=\"JUSTIFY\">Tema 18.- El derecho a la vida y la Biomedicina<\/p>\n<p style=\"padding-left: 30px;\" align=\"JUSTIFY\">Tema 19.- El fin natural de la vida: La eutanasia. \u00bfEl derecho a una muerte digna? La pena de muerte.<\/p>\n<p style=\"padding-left: 30px;\" align=\"JUSTIFY\">Tema 20.- El derecho a la integridad f\u00edsica y moral.<\/p>\n<p align=\"JUSTIFY\">UNIDAD III. Otros derechos humanos<\/p>\n<p align=\"JUSTIFY\">Se enviar\u00e1 el material de estudio el d\u00eda 1 de octubre<\/p>\n<p align=\"JUSTIFY\">El control de lectura se remitir\u00e1 por el alumno entre los d\u00edas 15 y 20 de octubre.<\/p>\n<p style=\"padding-left: 30px;\" align=\"JUSTIFY\">Tema 21.- Derechos humanos personal\u00edsimos.<\/p>\n<p style=\"padding-left: 30px;\" align=\"JUSTIFY\">Tema 22.- El matrimonio y la familia.<\/p>\n<p style=\"padding-left: 30px;\" align=\"JUSTIFY\">Tema 23.- Derechos humanos de car\u00e1cter patrimonial y social: la propiedad y el trabajo.<\/p>\n<p style=\"padding-left: 30px;\" align=\"JUSTIFY\">Tema 24.- Los derechos humanos de car\u00e1cter socio-pol\u00edtico.<\/p>\n<p align=\"JUSTIFY\">Mes de Diciembre: Semana 1 y 2: Presentaci\u00f3n del \u00faltimo control y del trabajo de elaboraci\u00f3n propia de este semestre, fecha l\u00edmite: 7 de Diciembre .Semana 3: Comunicaci\u00f3n de la marcha del curso y de la evaluaci\u00f3n de los resultados.<\/p>\n<p style=\"text-align: justify;\"><\/div><div class=\"nav fusion-mobile-tab-nav\"><ul class=\"nav-tabs\" role=\"tablist\"><li role=\"presentation\"><a class=\"tab-link\" data-toggle=\"tab\" role=\"tab\" aria-controls=\"tab-0f39964984f32851ef2\" aria-selected=\"false\" tabindex=\"-1\" id=\"mobile-fusion-tab-metodolog\u00eda\" href=\"#tab-0f39964984f32851ef2\"><h4 class=\"fusion-tab-heading\"><i class=\"fontawesome-icon fa fa-comment\" aria-hidden=\"true\" style=\"font-size:13px;\"><\/i>Metodolog\u00eda<\/h4><\/a><\/li><\/ul><\/div><div class=\"tab-pane fade fusion-clearfix\" role=\"tabpanel\" tabindex=\"0\" aria-labelledby=\"fusion-tab-metodolog\u00eda\" id=\"tab-0f39964984f32851ef2\">\n<p align=\"JUSTIFY\">Las actividades del curso comprenden lectura y an\u00e1lisis de art\u00edculos y documentos, o casos, que se har\u00e1n llegar al alumno a trav\u00e9s de la direcci\u00f3n de correo electr\u00f3nico del curso, que constituir\u00e1n el material de estudio y la bibliograf\u00eda b\u00e1sica para el desarrollo de cada unidad docente. Los controles de lectura se referir\u00e1n exclusivamente a este material. \u00c9ste, deber\u00e1 ser completado para la realizaci\u00f3n de los trabajos finales de cada semestre con otras fuentes de estudio que la direcci\u00f3n del curso puede aportar o sugerir seg\u00fan el tema escogido por el alumno para la realizaci\u00f3n de estos trabajos.<\/p>\n<h3 align=\"JUSTIFY\"><strong><span style=\"color: #006633;\">Consta de dos cursos:<\/span><\/strong><\/h3>\n<p align=\"JUSTIFY\"><span style=\"color: #006633;\"><strong>1.- El Derecho Natural: Concepto e historia. <\/strong><\/span>Enero a Junio. Tiene tres Unidades. Habr\u00e1 un control de lectura por cada unidad, y los alumnos tienen que elaborar un trabajo sobre uno de los temas que se desarrollan en alguna de las unidades que integran el semestre. Los alumnos pueden elegir libremente el tema de su trabajo de entre los tratados en este Curso, con la ayuda del coordinador del Diploma. Dentro del mes de junio y antes del d\u00eda trece del mismo, el alumno deber\u00e1 presentar un resumen de todos los temas desarrollados en este primer semestre, con su apreciaci\u00f3n personal, y el trabajo sobre el tema escogido. Antes de finales de junio se comunicar\u00e1 la marcha del curso y la evaluaci\u00f3n de cada alumno<\/p>\n<p align=\"JUSTIFY\"><span style=\"color: #006633;\"><strong>2.- Los derechos humanos, contenido b\u00e1sico del Derecho Natural. <\/strong><\/span>Agosto a Diciembre. Consta de otras tres Unidades. De igual manera que en el curso anterior habr\u00e1 un control de lectura por cada unidad, y los alumnos tendr\u00e1n que elaborar un trabajo sobre uno de los temas que se desarrollan en alguna de las unidades que integran el semestre. Dentro del mes de diciembre y antes del d\u00eda diecisiete del mismo, el alumno deber\u00e1 presentar un resumen de todos los temas desarrollados en este primer semestre, con su apreciaci\u00f3n personal, y el trabajo sobre el tema escogido. Antes de finales de diciembre se comunicar\u00e1 la marcha del curso y la evaluaci\u00f3n de cada alumno<\/p>\n<p>En total, se exigir\u00e1n dos trabajos, los res\u00famenes con una valoraci\u00f3n final de los temas y la respuesta a los seis controles de lectura. Los trabajos representan el cincuenta por ciento de la calificaci\u00f3n final, los res\u00famenes y los controles de lectura el veinticinco por ciento cada uno de ellos.<\/p>\n<p style=\"text-align: justify;\"><\/div><div class=\"nav fusion-mobile-tab-nav\"><ul class=\"nav-tabs\" role=\"tablist\"><li role=\"presentation\"><a class=\"tab-link\" data-toggle=\"tab\" role=\"tab\" aria-controls=\"tab-2d5e76d6d4146109409\" aria-selected=\"false\" tabindex=\"-1\" id=\"mobile-fusion-tab-inscripci\u00f3n\" href=\"#tab-2d5e76d6d4146109409\"><h4 class=\"fusion-tab-heading\"><i class=\"fontawesome-icon fa fa-user\" aria-hidden=\"true\" style=\"font-size:13px;\"><\/i>Inscripci\u00f3n<\/h4><\/a><\/li><\/ul><\/div><div class=\"tab-pane fade fusion-clearfix\" role=\"tabpanel\" tabindex=\"0\" aria-labelledby=\"fusion-tab-inscripci\u00f3n\" id=\"tab-2d5e76d6d4146109409\">\n<p style=\"text-align: justify;\">La matr\u00edcula se efect\u00faa rellenando los 3 siguientes formularios:<\/p>\n<h4 style=\"text-align: justify;\"><strong><span style=\"color: #006633;\"><a style=\"color: #006633;\" href=\"http:\/\/ivsa.es\/ulia\/formulario-de-inscripcion-dnahu\/\" target=\"_blank\" rel=\"noopener noreferrer\">1.- La ficha de inscripci\u00f3n<\/a><\/span><\/strong><br \/>\n<strong><span style=\"color: #006633;\"><a style=\"color: #006633;\" href=\"http:\/\/ivsa.es\/ulia\/carta-motivos-dnahu\/\" target=\"_blank\" rel=\"noopener noreferrer\">2.- Carta de motivos<\/a><\/span><\/strong><br \/>\n<strong><span style=\"color: #006633;\"><a style=\"color: #006633;\" href=\"http:\/\/ivsa.es\/ulia\/hoja-de-vida-dnahu\/\" target=\"_blank\" rel=\"noopener noreferrer\">3.- Hoja de vida<\/a><\/span><\/strong><\/h4>\n<p style=\"text-align: justify;\">Una vez se le comunique al candidato que ha sido aceptado, deber\u00e1 abonar por transferencia bancaria o directamente a trav\u00e9s de internet en la cuenta del curso el importe de los gastos de pago de gesti\u00f3n del programa. Este importe y en su caso el gasto del posible desplazamiento a una de las dos siguientes claustros de ULIA son los \u00fanicos gastos que ha de aportar el alumno.<div class=\"accordian fusion-accordian\" style=\"--awb-border-size:1px;--awb-icon-size:13px;--awb-content-font-size:13px;--awb-icon-alignment:left;--awb-hover-color:#f9f9f9;--awb-border-color:#cccccc;--awb-background-color:#ffffff;--awb-divider-color:#e0dede;--awb-divider-hover-color:#e0dede;--awb-icon-color:#ffffff;--awb-title-color:#333333;--awb-content-color:#000000;--awb-icon-box-color:#333333;--awb-toggle-hover-accent-color:#65bc7b;--awb-title-font-family:&#039;Trebuchet MS&#039;, Helvetica, sans-serif;--awb-title-font-weight:400;--awb-title-font-style:normal;--awb-title-font-size:13px;--awb-content-font-family:&#039;Trebuchet MS&#039;, Helvetica, sans-serif;--awb-content-font-style:normal;--awb-content-font-weight:400;\"><div class=\"panel-group fusion-toggle-icon-boxed\" id=\"accordion-580-1\"><div class=\"fusion-panel panel-default panel-06b6c4a6a78fe4df2 fusion-toggle-has-divider\"><div class=\"panel-heading\"><h4 class=\"panel-title toggle\" id=\"toggle_06b6c4a6a78fe4df2\"><a aria-expanded=\"false\" aria-controls=\"06b6c4a6a78fe4df2\" role=\"button\" data-toggle=\"collapse\" data-parent=\"#accordion-580-1\" data-target=\"#06b6c4a6a78fe4df2\" href=\"#06b6c4a6a78fe4df2\"><span class=\"fusion-toggle-icon-wrapper\" aria-hidden=\"true\"><i class=\"fa-fusion-box active-icon awb-icon-minus\" aria-hidden=\"true\"><\/i><i class=\"fa-fusion-box inactive-icon awb-icon-plus\" aria-hidden=\"true\"><\/i><\/span><span class=\"fusion-toggle-heading\">Pago de la Donaci\u00f3n (solo para solicitudes aceptadas)<\/span><\/a><\/h4><\/div><div id=\"06b6c4a6a78fe4df2\" class=\"panel-collapse collapse \" aria-labelledby=\"toggle_06b6c4a6a78fe4df2\"><div class=\"panel-body toggle-content fusion-clearfix\">\n<p style=\"text-align: justify;\">La\u00a0secretar\u00eda del DNAHU y una vez que se le comunique al nuevo alumno que\u00a0su\u00a0matr\u00edcula ha sido aceptada,\u00a0acordar\u00e1 con el\u00a0solicitante los pasos a seguir para efectivizar el pago de matr\u00edcula\u00a0correspondiente, equivalente a 150 Euros. Bien mediante transferencia bancaria a la cuenta del curso, bien mediante una transferencia persona a persona.<\/div><\/div><\/div><\/div><\/div>\n<p style=\"text-align: justify;\">En el caso del Diploma en Derecho Natural y Derechos Humanos, el \u00fanico pago de 150 Euros o su equivalencia en D\u00f3lares supone el coste de los gastos de infraestructura del curso: el manejo, dise\u00f1o y gesti\u00f3n profesional de la cobertura inform\u00e1tica del curso por parte de la secretar\u00eda del mismo para el a\u00f1o de duraci\u00f3n del programa. En ning\u00fan caso se desvirt\u00faa con esto el compromiso de servir a merced adquirido por ULIA y cada uno de sus profesores.<\/p>\n<p style=\"text-align: justify;\" align=\"justify\">El plazo de admisiones se cierra en cuanto se complete el cupo de 20 alumnos y en cualquier caso antes del 15 de Diciembre.<\/p>\n<p style=\"text-align: justify;\"><\/div><\/div><\/div><div class=\"fusion-clearfix\"><\/div><\/div><\/div><\/div><\/div><div class=\"fusion-fullwidth fullwidth-box fusion-builder-row-2 hundred-percent-fullwidth non-hundred-percent-height-scrolling\" style=\"--awb-border-radius-top-left:0px;--awb-border-radius-top-right:0px;--awb-border-radius-bottom-right:0px;--awb-border-radius-bottom-left:0px;--awb-overflow:visible;--awb-flex-wrap:wrap;\" ><div class=\"fusion-builder-row fusion-row\"><div class=\"fusion-layout-column fusion_builder_column fusion-builder-column-1 fusion_builder_column_1_1 1_1 fusion-one-full fusion-column-first fusion-column-last fusion-column-no-min-height\" style=\"--awb-bg-size:cover;--awb-margin-bottom:0px;\"><div class=\"fusion-column-wrapper fusion-flex-column-wrapper-legacy\"><div class=\"fusion-text fusion-text-1\"><p style=\"text-align: justify;\">\n<\/div>\n<div class=\"fusion-clearfix\"><\/div><\/div><\/div><\/div><\/div><\/p>\n","protected":false},"excerpt":{"rendered":"","protected":false},"author":1,"featured_media":0,"parent":0,"menu_order":0,"comment_status":"closed","ping_status":"closed","template":"","meta":{"footnotes":""},"class_list":["post-580","page","type-page","status-publish","hentry"],"_links":{"self":[{"href":"https:\/\/ivsa.es\/ulia\/wp-json\/wp\/v2\/pages\/580","targetHints":{"allow":["GET"]}}],"collection":[{"href":"https:\/\/ivsa.es\/ulia\/wp-json\/wp\/v2\/pages"}],"about":[{"href":"https:\/\/ivsa.es\/ulia\/wp-json\/wp\/v2\/types\/page"}],"author":[{"embeddable":true,"href":"https:\/\/ivsa.es\/ulia\/wp-json\/wp\/v2\/users\/1"}],"replies":[{"embeddable":true,"href":"https:\/\/ivsa.es\/ulia\/wp-json\/wp\/v2\/comments?post=580"}],"version-history":[{"count":25,"href":"https:\/\/ivsa.es\/ulia\/wp-json\/wp\/v2\/pages\/580\/revisions"}],"predecessor-version":[{"id":2686,"href":"https:\/\/ivsa.es\/ulia\/wp-json\/wp\/v2\/pages\/580\/revisions\/2686"}],"wp:attachment":[{"href":"https:\/\/ivsa.es\/ulia\/wp-json\/wp\/v2\/media?parent=580"}],"curies":[{"name":"wp","href":"https:\/\/api.w.org\/{rel}","templated":true}]}}