{"id":66,"date":"2015-12-31T01:44:53","date_gmt":"2015-12-31T01:44:53","guid":{"rendered":"http:\/\/ivsa.es\/ulia\/?page_id=66"},"modified":"2023-05-03T07:57:34","modified_gmt":"2023-05-03T07:57:34","slug":"inicio","status":"publish","type":"page","link":"https:\/\/ivsa.es\/ulia\/","title":{"rendered":"Inicio"},"content":{"rendered":"<div class=\"fusion-fullwidth fullwidth-box fusion-builder-row-1 nonhundred-percent-fullwidth non-hundred-percent-height-scrolling\" style=\"--awb-background-position:left top;--awb-border-radius-top-left:0px;--awb-border-radius-top-right:0px;--awb-border-radius-bottom-right:0px;--awb-border-radius-bottom-left:0px;--awb-padding-top:0px;--awb-padding-right:0px;--awb-padding-bottom:0px;--awb-padding-left:0px;--awb-border-sizes-top:0px;--awb-border-sizes-bottom:0px;--awb-flex-wrap:wrap;\" ><div class=\"fusion-builder-row fusion-row\"><div class=\"fusion-layout-column fusion_builder_column fusion-builder-column-0 fusion_builder_column_1_2 1_2 fusion-one-half fusion-column-first\" style=\"--awb-bg-size:cover;width:48%; margin-right: 4%;\"><div class=\"fusion-column-wrapper fusion-flex-column-wrapper-legacy\"><div class=\"fusion-title title fusion-title-1 fusion-title-text fusion-title-size-one\" style=\"--awb-sep-color:#ffffff;\"><h1 class=\"fusion-title-heading title-heading-left fusion-responsive-typography-calculated\" style=\"margin:0;--fontSize:34;line-height:1.41;\">\u00bfQu\u00e9 ofrece ULIA?<\/h1><span class=\"awb-title-spacer\"><\/span><div class=\"title-sep-container\"><div class=\"title-sep sep-double sep-solid\" style=\"border-color:#ffffff;\"><\/div><\/div><\/div><div class=\"fusion-text fusion-text-1\"><hr \/>\n<p>ULIA ofrece en la actualidad 30 programas, entre semestrales, anuales y bianuales, ya contrastados y adecuados a una gran variedad de aspiraciones y circunstancias. Contamos con experiencia pionera en educaci\u00f3n a distancia, en l\u00ednea desde 2001, haciendo honor a nuestro nombre: somos genuinamente libres, verdaderamente internacionales, y la \u00fanica universidad provida y gratuita del mundo.<\/p>\n<p style=\"text-align: justify;\">Contamos con m\u00e1s de 1800 exalumnos titulados en los diversos grados procedentes de 23 pa\u00edses distintos. El tope de alumnos por curso en todos nuestros programas es de 20 personas. Todos los directivos, profesores, tutores, y colaboradores de ULIA ofrecen su trabajo <em>ad honorem<\/em>.<\/p>\n<\/div><div class=\"fusion-clearfix\"><\/div><\/div><\/div><div class=\"fusion-layout-column fusion_builder_column fusion-builder-column-1 fusion_builder_column_1_2 1_2 fusion-one-half fusion-column-last\" style=\"--awb-bg-size:cover;width:48%;\"><div class=\"fusion-column-wrapper fusion-flex-column-wrapper-legacy\"><div class=\"fusion-title title fusion-title-2 fusion-title-text fusion-title-size-one\" style=\"--awb-sep-color:#ffffff;\"><h1 class=\"fusion-title-heading title-heading-left fusion-responsive-typography-calculated\" style=\"margin:0;--fontSize:34;line-height:1.41;\">Nuestro Objetivo<\/h1><span class=\"awb-title-spacer\"><\/span><div class=\"title-sep-container\"><div class=\"title-sep sep-double sep-solid\" style=\"border-color:#ffffff;\"><\/div><\/div><\/div><div class=\"fusion-text fusion-text-2\"><hr \/>\n<p style=\"text-align: justify;\">La Universidad Libre Internacional de las Am\u00e9ricas (ULIA) ha formado cerca de 1800 alumnos desde su fundaci\u00f3n en San Jos\u00e9 (Costa Rica) en el a\u00f1o 2001.<\/p>\n<p style=\"text-align: justify;\">El objetivo principal de sus actividades es ofrecer una capacitaci\u00f3n de alto nivel acad\u00e9mico que aporte s\u00f3lidas bases para la promoci\u00f3n del desarrollo y la solidaridad, as\u00ed como para la defensa de la dignidad de cada vida humana. El ideario de ULIA se centra en dos premisas: la excelencia cient\u00edfica en defensa de la vida y el compromiso de gratuidad.<\/p>\n<p style=\"text-align: justify;\">Todos los estudios de ULIA se ofertan a distancia a trav\u00e9s de Internet y se trata de la primera universidad provida y gratuita del mundo.\u00a0Los t\u00edtulos de ULIA no est\u00e1n refrendados por ning\u00fan estado ni aspiran a estarlo.<\/p>\n<\/div><div class=\"fusion-clearfix\"><\/div><\/div><\/div><\/div><\/div>\n","protected":false},"excerpt":{"rendered":"","protected":false},"author":1,"featured_media":0,"parent":0,"menu_order":0,"comment_status":"closed","ping_status":"closed","template":"","meta":{"footnotes":""},"class_list":["post-66","page","type-page","status-publish","hentry"],"_links":{"self":[{"href":"https:\/\/ivsa.es\/ulia\/wp-json\/wp\/v2\/pages\/66","targetHints":{"allow":["GET"]}}],"collection":[{"href":"https:\/\/ivsa.es\/ulia\/wp-json\/wp\/v2\/pages"}],"about":[{"href":"https:\/\/ivsa.es\/ulia\/wp-json\/wp\/v2\/types\/page"}],"author":[{"embeddable":true,"href":"https:\/\/ivsa.es\/ulia\/wp-json\/wp\/v2\/users\/1"}],"replies":[{"embeddable":true,"href":"https:\/\/ivsa.es\/ulia\/wp-json\/wp\/v2\/comments?post=66"}],"version-history":[{"count":27,"href":"https:\/\/ivsa.es\/ulia\/wp-json\/wp\/v2\/pages\/66\/revisions"}],"predecessor-version":[{"id":3065,"href":"https:\/\/ivsa.es\/ulia\/wp-json\/wp\/v2\/pages\/66\/revisions\/3065"}],"wp:attachment":[{"href":"https:\/\/ivsa.es\/ulia\/wp-json\/wp\/v2\/media?parent=66"}],"curies":[{"name":"wp","href":"https:\/\/api.w.org\/{rel}","templated":true}]}}